40
Let o(i) = 3 - i**3 + 4*i + 4*i**2 + 0*i**3 + 2 - 2. Let k be o(4). Suppose -k = -2*s + 37. What is the highest common divisor of 4 and s?
4
Let b(m) = -2*m + 28. Let u be b(15). Let o(v) = 7*v**2 + 7*v + 10. Let d be o(u). Calculate the highest common factor of 3 and d.
3
Let j = -6 - -40. Let n = 86 + j. What is the highest common factor of 48 and n?
24
Suppose 253 = -31*b + 1090. Suppose 0 = -2*j + 65 - 11. Calculate the highest common divisor of j and b.
27
Suppose 3 = p + 1. Suppose k + 8 = -4*u + 19, 0 = -2*k - p. What is the greatest common factor of u and 21?
3
Suppose -5*v - t = -178, 110 = -3*v + 6*v - t. Calculate the highest common divisor of 162 and v.
18
Let v(n) = n**3 + 8*n**2 - 22*n - 5. Let k be v(-10). What is the greatest common divisor of 135 and k?
15
Let x = 205 + -70. Calculate the greatest common divisor of 54 and x.
27
Let w be 2/8 - (-158)/8. Suppose 0 = 2*r, t - r + 19 = 39. Calculate the greatest common factor of t and w.
20
Let a(b) = 5*b + 2*b**2 - 5 - b**2 + 0*b**2. Let i be (-2)/(32/118) + 285/760. Let r be a(i). Calculate the greatest common factor of 18 and r.
9
Let o(a) = -147*a + 419. Let k be o(-12). Calculate the highest common factor of k and 59.
59
Let i be 21/9*(6 - 3). What is the highest common factor of 189 and i?
7
Let j(w) = -27*w - 24*w - w**2 + 61*w - 1. Let q be j(6). What is the greatest common divisor of 207 and q?
23
Suppose -5*d + 17 = -2*t, -2*d + 3*t + 3 + 6 = 0. Let f be (-4)/((-2)/(d/(-3))). Let q be (-103)/(-3)*3 - f. Calculate the highest common factor of q and 42.
21
Let c be (-1)/2 - 45/(-18). Let u = 2 - c. Suppose -2*t - 6 = -u*t, 3*t + 89 = n. Calculate the greatest common factor of 32 and n.
16
Let g(r) = -2*r**3 - 6 + 3*r**3 - 8*r**2 - 8*r - 2*r**3. Let o = 14 - 21. Let c be g(o). What is the highest common factor of c and 2?
1
Suppose 448 = 1727*f - 1713*f. Let s(u) = -u + 7. Let r be s(7). Let c be 288*(2 - (1 + r)). What is the greatest common factor of c and f?
32
Let g be ((-85)/(-2) - -3)*46/161. What is the greatest common factor of g and 65?
13
Let m be (-250 - -4)/((-114)/24 - -4). Let r(y) = y**2 + y - 1. Let h be r(6). What is the highest common factor of h and m?
41
Let f = 1225 - 1171. Calculate the greatest common divisor of 90 and f.
18
Suppose 5*q - 148*b = -145*b + 7846, -3138 = -2*q + b. Calculate the greatest common divisor of q and 49.
49
Let v be 2624/18 + 11*(-8)/(-396). Calculate the highest common divisor of 2 and v.
2
Suppose -95*x + 96*x = 87. What is the greatest common factor of x and 145?
29
Suppose 6*l = 165 + 657. Suppose -b + 2*d - 151 = -0*b, b + 5*d = -l. Let a = b - -301. What is the greatest common factor of 22 and a?
22
Let o be 1156/(-51) + (-2)/(-3). Let c = o - -54. Calculate the highest common divisor of c and 24.
8
Let q be 23/2*(5 + 3 - 6). Let u(i) = -6*i**3 - 2*i + 1. Let x be u(1). Let h = 39 - x. Calculate the highest common factor of q and h.
23
Suppose 2*s - 164 = -4*f, 3*f = 2*s + 54 + 76. What is the highest common divisor of f and 4?
2
Let s(j) = -j**3 + 6*j**2 + 32*j - 38. Let r be s(8). What is the highest common divisor of r and 120?
30
Let p be ((-60)/(-8))/(2/4). Suppose 12*m + 126 = 306. What is the highest common factor of m and p?
15
Let b(u) = -u**3 + u**2 - 7*u - 21. Let h be b(-6). Calculate the highest common divisor of 39 and h.
39
Let p = -7 + 3. Let o be (p/6)/((-12)/270). Suppose -4*s - 4 = 4, 2*f - 4*s = 14. What is the greatest common divisor of o and f?
3
Let l(c) = c - 7. Let s be l(3). Let z be 0 - ((s - 2) + -3). What is the greatest common factor of 1 and z?
1
Let o = 205 + -186. Calculate the highest common factor of o and 1.
1
Let c = -724 - -809. What is the highest common divisor of c and 5?
5
Let w(u) = -3*u - 34 + 23*u**2 + 3*u**3 + 0*u - 2*u**3 - 14. Let y be w(-23). What is the highest common factor of y and 49?
7
Let f be ((-360)/12)/3 + 16. Calculate the greatest common divisor of 594 and f.
6
Let p = -17 + 24. Let t = p + -3. Suppose 0 = 2*w + 4*z, -3*w - z + 27 = -t*z. Calculate the highest common divisor of 2 and w.
2
Let h = 114 - 84. Let l be (12/h)/(1/15). What is the greatest common divisor of l and 2?
2
Let y(b) = -504*b - 8. Let v be y(-1). What is the greatest common divisor of v and 31?
31
Let i = -2 - -6. Let b(k) = -19*k + 317. Let a be b(15). What is the highest common divisor of i and a?
4
Let y(f) = 73*f + 459. Let a be y(-6). What is the highest common factor of 2100 and a?
21
Let l be -1*((-3 - 4) + 1). Let v = 5 + l. Let m(o) = -o**3 + 10*o**2 + 13*o - 12. Let f be m(v). What is the highest common divisor of f and 15?
5
Let q(n) = 16*n + 1. Let z be q(3). Let x(h) = -4*h + 19. Let w be x(-11). Suppose 0 = 21*o - 12*o - w. Calculate the greatest common factor of o and z.
7
Let z = 4 + -15. Let k = 14 + z. Suppose -24 = -3*q + 2*q + k*w, -4*w = -4*q + 64. What is the highest common factor of q and 3?
3
Suppose -c - 5*t + 41 = c, 5*c = 4*t + 86. Let v be ((-27)/12)/((-2)/(-16)). Let n = 0 - v. Calculate the greatest common divisor of n and c.
18
Let r(w) = 2*w**2 - 6*w - 48. Let l be r(-4). What is the highest common divisor of 200 and l?
8
Suppose -39 + 414 + 445 = 41*y. Let w = -91 + 65. Let u = -18 - w. What is the highest common factor of u and y?
4
Let d = -131 - -295. Calculate the greatest common factor of 41 and d.
41
Let s be 0 + 29 - -1*4/(-1). Suppose -3*i - a = -3*a - 231, -a = -i + 78. Calculate the highest common factor of s and i.
25
Let p(x) = x**3 + 12*x**2 + 2*x + 13. Let f be p(-11). Suppose -4*l - 4*h + 72 = 0, 2*l - 5*h = 9 - 1. What is the greatest common divisor of l and f?
14
Let s(g) = -3*g**3 + 3*g**2 + g - 1. Let n = -12 - -16. Suppose -q - q = n. Let m be s(q). What is the highest common divisor of 132 and m?
33
Suppose 621 - 596 = 5*s. Calculate the highest common divisor of 24 and s.
1
Let h(l) = -l**2 + 5*l + 7. Let y be h(5). Let w(d) = 2*d**3 - 10*d**2 + d + 5. Let x be w(y). What is the highest common factor of 26 and x?
26
Let x be 0 + -1 + (-1 - -4). Suppose 4*y + 200 = -4*c, 0*y = x*y + c + 97. Let u = 23 - y. Calculate the highest common divisor of u and 14.
14
Let w = 171 + -90. Let j = -9243 - -9270. Calculate the highest common divisor of j and w.
27
Suppose 0 = 4*x - 4*j - 52, -2*x + 3 = 3*j - 3. Let a(o) = -o - 5. Let w be a(4). Let c be 0 - 1*7*w. What is the highest common factor of c and x?
9
Let i(s) = s**2 + 43*s + 342. Let c be i(-10). Calculate the highest common divisor of 128 and c.
4
Let i = -2394 - -2468. Calculate the highest common factor of i and 703.
37
Suppose 158 = -32*b + 926. What is the greatest common factor of b and 600?
24
Let q(x) = x**2 + 9*x + 13. Let t be q(-4). Let l be t/(35/(-340)) + 4. What is the greatest common factor of l and 18?
18
Let p = 1005 + -995. Calculate the highest common divisor of 1340 and p.
10
Suppose -z + 2*z = 5*k + 4299, 5*k + 4279 = -4*z. Let x = k + 1433. Suppose -1564 = -5*f - x. What is the greatest common factor of f and 33?
33
Let p = 33 - 26. Let a(n) = 2*n**2 - 12*n - 8. Let r be a(p). Calculate the greatest common divisor of r and 6.
6
Let j = -697 + 818. Let v = -53 - -75. What is the greatest common factor of j and v?
11
Suppose -4*i + 21 = -79. Let f(y) = y + 1 - 3*y**3 + 0*y**3 - 7*y**3. Let w be f(-1). Calculate the highest common factor of i and w.
5
Suppose 5*b + 78 - 238 = 0. Let p(v) = 7 + 8 + 3 + b*v - 31*v. Let z be p(-11). What is the highest common divisor of 77 and z?
7
Suppose 3*w + 4*a = 59, 4*w = 2*a + a + 87. Let f = w - -5. Let v(c) = -17*c + 1. Let l be v(-3). Calculate the highest common divisor of f and l.
26
Let f(s) = 2*s**3 - 7*s**2 + 5*s - 4. Let z be ((-40)/(-60))/((-1)/(-21)). Let c = z + -10. Let m be f(c). What is the greatest common divisor of m and 80?
16
Suppose -4*i = 3*x - 9 - 10, 3*i - 3 = 0. Let h = -312 - -357. What is the greatest common divisor of h and x?
5
Let x(y) = 2 + 4*y + y + 0*y + 3. Let n be x(4). Let w be ((-6)/(-5))/(78/650). What is the highest common divisor of w and n?
5
Suppose -s = -4*w - 14, 0*s = 2*s - 5*w - 16. Let q be (300/35)/(s/(-7)). What is the highest common factor of 30 and q?
30
Let j(w) = w**3 + 42*w**2 - 88*w + 25. Let k be j(-44). What is the highest common factor of k and 70?
5
Suppose 13*w + 4 = -4